s the thousands digit of 816979423?
9
What is the ten millions digit of 103351806?
0
What is the ten thousands digit of 209669862?
6
What is the millions digit of 282282447?
2
What is the hundreds digit of 59782497?
4
What is the hundred thousands digit of 1191064412?
0
What is the tens digit of 881916713?
1
What is the hundreds digit of 409093217?
2
What is the tens digit of 59868572?
7
What is the tens digit of 144324476?
7
What is the units digit of 38712098?
8
What is the thousands digit of 678398302?
8
What is the hundred thousands digit of 86805821?
8
What is the hundred thousands digit of 140529670?
5
What is the ten thousands digit of 74095949?
9
What is the units digit of 10676889?
9
What is the ten millions digit of 97049601?
9
What is the units digit of 1499623294?
4
What is the hundred thousands digit of 1993894242?
8
What is the thousands digit of 83931623?
1
What is the ten thousands digit of 1878886209?
8
What is the ten thousands digit of 97648455?
4
What is the ten thousands digit of 16448478?
4
What is the millions digit of 189714143?
9
What is the tens digit of 3926811280?
8
What is the thousands digit of 3463056297?
6
What is the units digit of 50175878?
8
What is the millions digit of 3465308289?
5
What is the ten millions digit of 32223523?
3
What is the ten thousands digit of 252956256?
5
What is the tens digit of 9265298?
9
What is the billions digit of 2847581378?
2
What is the thousands digit of 9454313?
4
What is the thousands digit of 1463737341?
7
What is the millions digit of 7178035?
7
What is the thousands digit of 105686158?
6
What is the ten millions digit of 10042881?
1
What is the hundred thousands digit of 570674808?
6
What is the thousands digit of 234497311?
7
What is the thousands digit of 94459466?
9
What is the hundreds digit of 6559668720?
7
What is the ten thousands digit of 480132465?
3
What is the ten thousands digit of 2370053932?
5
What is the units digit of 1131328221?
1
What is the ten millions digit of 4318394798?
1
What is the millions digit of 44368105?
4
What is the millions digit of 349269277?
9
What is the ten thousands digit of 1087342740?
4
What is the ten thousands digit of 2501972748?
7
What is the hundred thousands digit of 312296193?
2
What is the units digit of 242801246?
6
What is the tens digit of 3965296608?
0
What is the tens digit of 3219439189?
8
What is the tens digit of 289255377?
7
What is the thousands digit of 17802388?
2
What is the tens digit of 162305552?
5
What is the ten thousands digit of 542889600?
8
What is the tens digit of 3713119430?
3
What is the hundred thousands digit of 210929912?
9
What is the units digit of 1138335738?
8
What is the hundred thousands digit of 775626625?
6
What is the units digit of 38300548?
8
What is the hundred thousands digit of 1401721162?
7
What is the thousands digit of 1667978815?
8
What is the hundreds digit of 3893807479?
4
What is the ten thousands digit of 21874728?
7
What is the ten thousands digit of 8084444?
8
What is the units digit of 1988867793?
3
What is the units digit of 7035659937?
7
What is the units digit of 2248166?
6
What is the ten thousands digit of 11701540?
0
What is the hundreds digit of 901758805?
8
What is the units digit of 411064976?
6
What is the tens digit of 1079846913?
1
What is the thousands digit of 91459921?
9
What is the thousands digit of 29541882?
1
What is the thousands digit of 213036002?
6
What is the millions digit of 1228586643?
8
What is the ten thousands digit of 86391161?
9
What is the units digit of 11860774?
4
What is the thousands digit of 71920190?
0
What is the tens digit of 185427520?
2
What is the thousands digit of 24053605?
3
What is the ten millions digit of 44809193?
4
What is the ten millions digit of 133701522?
3
What is the ten millions digit of 210248749?
1
What is the billions digit of 2446250682?
2
What is the ten millions digit of 80628130?
8
What is the hundred thousands digit of 551291719?
2
What is the hundred millions digit of 2094381598?
0
What is the units digit of 36476086?
6
What is the ten thousands digit of 2686334279?
3
What is the thousands digit of 2086788112?
8
What is the units digit of 65353762?
2
What is the units digit of 105505971?
1
What is the hundred thousands digit of 201112675?
1
What is the hundred millions digit of 260551531?
2
What is the hundreds digit of 2534377986?
9
What is the hundred millions digit of 375063371?
3
What is the millions digit of 155892778?
5
What is the ten thousands digit of 26042566?
4
What is the hundred thousands digit of 14154661?
1
What is the hundred thousands digit of 11725049?
7
What is the hundreds digit of 1370350490?
4
What is the thousands digit of 265235854?
5
What is the hundred millions digit of 396942461?
3
What is the ten thousands digit of 100963485?
6
What is the units digit of 16275426?
6
What is the millions digit of 219745228?
9
What is the hundred thousands digit of 320860894?
8
What is the thousands digit of 885347964?
7
What is the tens digit of 916228290?
9
What is the tens digit of 29359594?
9
What is the ten millions digit of 37256351?
3
What is the hundreds digit of 82350593?
5
What is the thousands digit of 1432746907?
6
What is the hundred thousands digit of 79355136?
3
What is the units digit of 100411638?
8
What is the hundred millions digit of 193473730?
1
What is the units digit of 227365351?
1
What is the ten thousands digit of 382074860?
7
What is the hundred thousands digit of 6744662392?
6
What is the hundreds digit of 6218430052?
0
What is the hundred thousands digit of 601724766?
7
What is the hundred thousands digit of 2789550880?
5
What is the ten thousands digit of 830259404?
5
What is the ten millions digit of 1819379327?
1
What is the hundred millions digit of 3275886018?
2
What is the thousands digit of 79866338?
6
What is the thousands digit of 372658142?
8
What is the units digit of 79589441?
1
What is the thousands digit of 5799684?
9
What is the ten millions digit of 14905459?
1
What is the tens digit of 40291213?
1
What is the ten millions digit of 27916789?
2
What is the ten thousands digit of 35444994?
4
What is the millions digit of 82257825?
2
What is the tens digit of 1072776319?
1
What is the hundred thousands digit of 168129727?
1
What is the ten millions digit of 297602027?
9
What is the tens digit of 42211136?
3
What is the ten millions digit of 240062699?
4
What is the hundreds digit of 42614336?
3
What is the millions digit of 737322946?
7
What is the ten thousands digit of 390666338?
6
What is the hundred millions digit of 246518320?
2
What is the hundred millions digit of 968592481?
9
What is the ten thousands digit of 200397465?
9
What is the thousands digit of 429447663?
7
What is the millions digit of 230514418?
0
What is the units digit of 4548805278?
8
What is the tens digit of 9258460?
6
What is the hundred thousands digit of 486494408?
4
What is the hundred thousands digit of 5441071189?
0
What is the ten thousands digit of 688046756?
4
What is the ten thousands digit of 3832467?
3
What is the hundred thousands digit of 15234616?
2
What is the tens digit of 191983537?
3
What is the ten thousands digit of 34193782?
9
What is the hundred thousands digit of 61208394?
2
What is the thousands digit of 269041594?
1
What is the ten millions digit of 46000232?
4
What is the millions digit of 343625909?
3
What is the tens digit of 47677538?
3
What is the ten thousands digit of 258808835?
0
What is the hundred thousands digit of 12795832?
7
What is the thousands digit of 38954054?
4
What is the ten thousands digit of 47171059?
7
What is the hundred thousands digit of 49390866?
3
What is the ten millions digit of 94378043?
9
What is the hundred thousands digit of 155432803?
4
What is the ten millions digit of 887294514?
8
What is the hundreds digit of 103352477?
4
What is the ten thousands digit of 10296786?
9
What is the ten thousands digit of 50892514?
9
What is the units digit of 227332173?
3
What is the millions digit of 199662214?
9
What is the thousands digit of 439749374?
9
What is the ten thousands digit of 100752655?
5
What is the tens digit of 58600096?
9
What is the hundred thousands digit of 550953338?
9
What is the hundreds digit of 151003569?